{"id":407,"date":"2024-07-02T09:39:39","date_gmt":"2024-07-02T01:39:39","guid":{"rendered":"http:\/\/testes.jornen.com\/?post_type=product&#038;p=407"},"modified":"2024-07-02T09:39:39","modified_gmt":"2024-07-02T01:39:39","slug":"maquina-estuchadora-zh120","status":"publish","type":"product","link":"https:\/\/www.jornen.es\/?product=maquina-estuchadora-zh120","title":{"rendered":"Maquina Estuchadora ZH120"},"content":{"rendered":"<div>V\u00eddeos de esta m\u00e1quina estuchadora:<br \/>\nPara encartonado de bl\u00edster:<br \/>\n<a href=\"https:\/\/youtu.be\/ocmPu7-IZiQ\">https:\/\/youtu.be\/ocmPu7-IZiQ<\/a><br \/>\nPara el encartonado de bolsitas:<br \/>\n<a href=\"https:\/\/youtu.be\/8lNN2EOFa1I\">https:\/\/youtu.be\/8lNN2EOFa1I<\/a><br \/>\nLas caracter\u00edsticas de Cartoner ZH120:<br \/>\nEstuchadora horizontal autom\u00e1tica de movimiento intermitente, muy compacta y fiable. El \u00e1rea de trabajo tiene un dise\u00f1o en voladizo (tipo balc\u00f3n). La estructura principal tiene una partici\u00f3n vertical para separar la secci\u00f3n de transmisi\u00f3n (trasera) de las zonas operativas (delantera). Es adecuado para el envasado de bl\u00edsteres, botellas, viales, paquetes de almohadas, etc.<br \/>\nLa m\u00e1quina funciona de manera estable y proporciona un cambio f\u00e1cil para diferentes tama\u00f1os de cajas de cart\u00f3n.<br \/>\nPuede doblar folletos, abrir cajas de cart\u00f3n, insertar los productos y folletos en cajas de cart\u00f3n, grabar cierres en relieve, plegar o fundir en caliente y descargar autom\u00e1ticamente las cajas de cart\u00f3n.<br \/>\nLa m\u00e1quina est\u00e1 equipada con una serie de sensores y dispositivos de protecci\u00f3n autom\u00e1ticos para asegurar que la m\u00e1quina funcione de manera segura y eficaz.<br \/>\nPuede conectarse con la m\u00e1quina de bl\u00edster, la m\u00e1quina de envasado de almohadas, la envolvedora, etc., para formar una l\u00ednea de envasado de producci\u00f3n.<br \/>\nUnidades principales de esta estuchadora:<br \/>\nDispositivo de engranajes:<br \/>\nEl engranaje impulsa la cadena del transportador de cart\u00f3n y la cadena del transportador de bl\u00edster funcionando en movimiento intermitente.<br \/>\nCadena transportadora de cart\u00f3n:<br \/>\nLa cadena transportadora de cajas se utiliza para transferir cajas abiertas a cada estaci\u00f3n, que puede completar autom\u00e1ticamente las acciones de insertar tarjetas bl\u00edster y folletos en las cajas, estampar, cerrar las cajas y descargar las cajas.<br \/>\nCadena transportadora de folletos:<br \/>\nLa cadena transportadora de folletos se aplica para enviar folletos doblados a la estaci\u00f3n de alimentaci\u00f3n del bl\u00edster, luego los folletos y las tarjetas bl\u00edster se insertan juntos en cajas de cart\u00f3n.<br \/>\nDispositivo de recogida de cart\u00f3n:<br \/>\nEl recogedor de cart\u00f3n con dos juegos de ventosas puede succionar los cartones del cargador de cartones, abrir el cart\u00f3n y colocarlo en el transportador de cartones.<br \/>\nEl dispositivo de plegado de folletos:<br \/>\nEl dispositivo de plegado de folletos puede hacer que el folleto se doble de uno a cuatro pliegues seg\u00fan la demanda del cliente.<br \/>\nDispositivo de inserci\u00f3n:<br \/>\nEl dispositivo de inserci\u00f3n puede empujar las tarjetas bl\u00edster hacia el interior de la caja con un movimiento intermitente.<br \/>\nDispositivo cargador de cart\u00f3n:<br \/>\nAdopte un cargador de cajas largas para aproximadamente 1000 cajas.<br \/>\nVea nuestras m\u00e1quinas en funcionamiento en la empresa farmac\u00e9utica<\/div>\n<div><a href=\"https:\/\/www.jornen.com\/news\/reference\/factory\/\">https:\/\/www.jornen.com\/news\/reference\/factory\/<\/a><\/div>\n<div>Par\u00e1metros t\u00e9cnicos principales<br \/>\nRendimiento m\u00e1x .: 120 cajas \/ min.<br \/>\nRango de tama\u00f1o de la caja: Max.150x115x50mm Min.75x30x15mm<br \/>\nPoder de la m\u00e1quina: 1.8kw<br \/>\nDimensi\u00f3n de la m\u00e1quina: 3500x1500x1800mm<br \/>\nPeso de la m\u00e1quina: 1200 kg<\/div>\n","protected":false},"excerpt":{"rendered":"<p>V\u00eddeos de esta m\u00e1quina estuchadora: Para encartonado de bl\u00edster: https:\/\/youtu.be\/ocmPu7-IZiQ Para el encartonado de bolsitas: https:\/\/youtu.be\/8lNN2EOFa1I Las caracter\u00edsticas de Cartoner ZH120: Estuchadora horizontal autom\u00e1tica de movimiento intermitente, muy compacta y fiable. El \u00e1rea de trabajo tiene un dise\u00f1o en voladizo (tipo balc\u00f3n). La estructura principal tiene una partici\u00f3n vertical para separar la secci\u00f3n de transmisi\u00f3n (trasera) de las zonas operativas (delantera). Es adecuado para el envasado de bl\u00edsteres, botellas, viales, paquetes de almohadas, etc. La m\u00e1quina funciona de manera estable y proporciona un cambio f\u00e1cil para diferentes tama\u00f1os de cajas de cart\u00f3n. Puede doblar folletos, abrir cajas de cart\u00f3n, insertar los productos y folletos en cajas de cart\u00f3n, grabar cierres en relieve, plegar o fundir en caliente y descargar autom\u00e1ticamente las cajas de cart\u00f3n. La &hellip; <\/p>\n","protected":false},"featured_media":408,"template":"","meta":[],"product_cat":[21],"product_tag":[],"class_list":{"0":"post-407","1":"product","2":"type-product","3":"status-publish","4":"has-post-thumbnail","6":"product_cat-maquina-estuchadora","8":"first","9":"instock","10":"shipping-taxable","11":"product-type-simple"},"_links":{"self":[{"href":"https:\/\/www.jornen.es\/index.php?rest_route=\/wp\/v2\/product\/407","targetHints":{"allow":["GET"]}}],"collection":[{"href":"https:\/\/www.jornen.es\/index.php?rest_route=\/wp\/v2\/product"}],"about":[{"href":"https:\/\/www.jornen.es\/index.php?rest_route=\/wp\/v2\/types\/product"}],"wp:featuredmedia":[{"embeddable":true,"href":"https:\/\/www.jornen.es\/index.php?rest_route=\/wp\/v2\/media\/408"}],"wp:attachment":[{"href":"https:\/\/www.jornen.es\/index.php?rest_route=%2Fwp%2Fv2%2Fmedia&parent=407"}],"wp:term":[{"taxonomy":"product_cat","embeddable":true,"href":"https:\/\/www.jornen.es\/index.php?rest_route=%2Fwp%2Fv2%2Fproduct_cat&post=407"},{"taxonomy":"product_tag","embeddable":true,"href":"https:\/\/www.jornen.es\/index.php?rest_route=%2Fwp%2Fv2%2Fproduct_tag&post=407"}],"curies":[{"name":"wp","href":"https:\/\/api.w.org\/{rel}","templated":true}]}}