{"id":633,"date":"2024-07-02T13:43:39","date_gmt":"2024-07-02T05:43:39","guid":{"rendered":"http:\/\/testes.jornen.com\/?post_type=product&#038;p=633"},"modified":"2024-07-02T13:43:39","modified_gmt":"2024-07-02T05:43:39","slug":"maquina-blister-dfp","status":"publish","type":"product","link":"https:\/\/www.jornen.es\/?product=maquina-blister-dfp","title":{"rendered":"M\u00e1quina Blister DFP"},"content":{"rendered":"<div>termoformadora:\u00a0<a href=\"https:\/\/www.youtube.com\/watch?v=eaXEAMgSEJI\">https:\/\/www.youtube.com\/watch?v=eaXEAMgSEJI\u00a0\u00a0<\/a><\/div>\n<div>Envasado al vac\u00edo:\u00a0<a href=\"https:\/\/www.youtube.com\/watch?v=pVMwiT2k9OQ\">https:\/\/www.youtube.com\/watch?v=pVMwiT2k9OQ<\/a><\/div>\n<div>Esta serie de termoformado de envases m\u00e1quina ha sido dise\u00f1ada para empacar alimentos y productos m\u00e9dicos, capaces tanto de envases flexibles y r\u00edgidos ..<\/div>\n<div>Sistemas de vac\u00edo y lavado de gas opcionales para crear (MAP) paquetes de atm\u00f3sfera modificada est\u00e1n disponibles.<\/div>\n<div>Se construyen en Materiales resistentes a la corrosi\u00f3n y una estructura de acero inoxidable completa (AISI 304).<\/div>\n<div>M\u00e1quina de envasado al vac\u00edo para ma\u00edz dulce<\/div>\n<div><a href=\"https:\/\/www.youtube.com\/watch?v=6XXcmXK6qxI\">https:\/\/www.youtube.com\/watch?v=6XXcmXK6qxI<\/a><\/div>\n<div>M\u00e1quina de embalaje termoformado para pimiento rojo<\/div>\n<div><a href=\"https:\/\/www.youtube.com\/watch?v=B1LuwHIxmd4\">https:\/\/www.youtube.com\/watch?v=B1LuwHIxmd4<\/a><\/div>\n<div>M\u00e1quina de embalaje termoformado para juncias marinas<\/div>\n<div><a href=\"https:\/\/www.youtube.com\/watch?v=qzFbMd4d9d8&amp;t=\">https:\/\/www.youtube.com\/watch?v=qzFbMd4d9d8&amp;t=<\/a><\/div>\n<div>M\u00e1quina de envasado al vac\u00edo para queso<\/div>\n<div><a href=\"https:\/\/www.youtube.com\/watch?v=vYWZ9NF5jtU\">https:\/\/www.youtube.com\/watch?v=vYWZ9NF5jtU<\/a><\/div>\n<div>M\u00e1quina de embalaje de termoformado en Nueva Zelanda<\/div>\n<div><a href=\"https:\/\/www.youtube.com\/watch?v=nypmtt_6T7U\">https:\/\/www.youtube.com\/watch?v=nypmtt_6T7U<\/a><\/div>\n<div>Principales par\u00e1metros t\u00e9cnicos:<\/div>\n<div>Modelo:\u00a0 \u00a0 \u00a0 \u00a0 \u00a0 \u00a0 \u00a0 \u00a0 \u00a0 \u00a0 \u00a0 \u00a0 \u00a0 \u00a0 \u00a0 \u00a0 \u00a0 \u00a0 \u00a0 \u00a0 \u00a0 DFP320\u00a0 \u00a0 \u00a0 \u00a0 \u00a0 \u00a0 \u00a0 \u00a0 \u00a0 \u00a0 \u00a0 \u00a0DFP420\u00a0 \u00a0 \u00a0 \u00a0 \u00a0 \u00a0 \u00a0 \u00a0 \u00a0 \u00a0 \u00a0 \u00a0DFP520<\/div>\n<div>Max. salida:\u00a0 \u00a0 \u00a0 \u00a0 \u00a0 \u00a0 \u00a0 \u00a0 \u00a0 \u00a0 \u00a0 \u00a0 \u00a0 \u00a0 \u00a0 \u00a0 \u00a0 \u00a0 15\/min\u00a0 \u00a0 \u00a0 \u00a0 \u00a0 \u00a0 \u00a0 \u00a0 \u00a0 \u00a0 \u00a0 \u00a0 15\/min.\u00a0 \u00a0 \u00a0 \u00a0 \u00a0 \u00a0 \u00a0 \u00a0 \u00a0 \u00a0 \u00a0 \u00a0 \u00a015\/min.<\/div>\n<div>Material de sellado Ancho:\u00a0 \u00a0 \u00a0 \u00a0 \u00a0 \u00a0 \u00a0 322mm\u00a0 \u00a0 \u00a0 \u00a0 \u00a0 \u00a0 \u00a0 \u00a0 \u00a0 \u00a0 \u00a0 \u00a0 422mm\u00a0 \u00a0 \u00a0 \u00a0 \u00a0 \u00a0 \u00a0 \u00a0 \u00a0 \u00a0 \u00a0 \u00a0 \u00a0522mm<\/div>\n<div>Formando Ancho Material:\u00a0 \u00a0 \u00a0 \u00a0 \u00a0 \u00a0 \u00a0 \u00a0 292mm\u00a0 \u00a0 \u00a0 \u00a0 \u00a0 \u00a0 \u00a0 \u00a0 \u00a0 \u00a0 \u00a0 392mm\u00a0 \u00a0 \u00a0 \u00a0 \u00a0 \u00a0 \u00a0 \u00a0 \u00a0 \u00a0 \u00a0 \u00a0 492mm<\/div>\n<div>m\u00e1quina de alimentaci\u00f3n:\u00a0 \u00a0 \u00a0 \u00a0 \u00a0 \u00a0 \u00a0 \u00a0 10Kw\u00a0 \u00a0 \u00a0 \u00a0 \u00a0 \u00a0 \u00a0 \u00a0 \u00a0 \u00a0 \u00a0 \u00a0 \u00a013Kw\u00a0 \u00a0 \u00a0 \u00a0 \u00a0 \u00a0 \u00a0 \u00a0 \u00a0 \u00a0 \u00a0 \u00a0 \u00a0 \u00a020Kw<\/div>\n<div>Dimensi\u00f3n de la m\u00e1quina:\u00a0 \u00a0 \u00a0 \u00a0 \u00a0 \u00a0 \u00a0 \u00a0 5100X900X1800\u00a0 \u00a0 \u00a0 \u00a06150X1200X1900\u00a0 \u00a0 \u00a0 \u00a06200X1400X1900<\/div>\n<div>Peso de la m\u00e1quina:\u00a0 \u00a0 \u00a0 \u00a0 \u00a0 \u00a0 \u00a0 \u00a0 \u00a0 \u00a0 \u00a0 \u00a0 1300Kg\u00a0 \u00a0 \u00a0 \u00a0 \u00a0 \u00a0 \u00a0 \u00a0 \u00a0 \u00a0 \u00a0 1700Kg\u00a0 \u00a0 \u00a0 \u00a0 \u00a0 \u00a0 \u00a0 \u00a0 \u00a0 \u00a0 \u00a0 \u00a0 2100Kg<\/div>\n","protected":false},"excerpt":{"rendered":"<p>termoformadora:\u00a0https:\/\/www.youtube.com\/watch?v=eaXEAMgSEJI\u00a0\u00a0 Envasado al vac\u00edo:\u00a0https:\/\/www.youtube.com\/watch?v=pVMwiT2k9OQ Esta serie de termoformado de envases m\u00e1quina ha sido dise\u00f1ada para empacar alimentos y productos m\u00e9dicos, capaces tanto de envases flexibles y r\u00edgidos .. Sistemas de vac\u00edo y lavado de gas opcionales para crear (MAP) paquetes de atm\u00f3sfera modificada est\u00e1n disponibles. Se construyen en Materiales resistentes a la corrosi\u00f3n y una estructura de acero inoxidable completa (AISI 304). M\u00e1quina de envasado al vac\u00edo para ma\u00edz dulce https:\/\/www.youtube.com\/watch?v=6XXcmXK6qxI M\u00e1quina de embalaje termoformado para pimiento rojo https:\/\/www.youtube.com\/watch?v=B1LuwHIxmd4 M\u00e1quina de embalaje termoformado para juncias marinas https:\/\/www.youtube.com\/watch?v=qzFbMd4d9d8&amp;t= M\u00e1quina de envasado al vac\u00edo para queso https:\/\/www.youtube.com\/watch?v=vYWZ9NF5jtU M\u00e1quina de embalaje de termoformado en Nueva Zelanda https:\/\/www.youtube.com\/watch?v=nypmtt_6T7U Principales par\u00e1metros t\u00e9cnicos: Modelo:\u00a0 \u00a0 \u00a0 \u00a0 \u00a0 \u00a0 \u00a0 \u00a0 \u00a0 \u00a0 \u00a0 \u00a0 \u00a0 \u00a0 \u00a0 \u00a0 \u00a0 \u00a0 &hellip; <\/p>\n","protected":false},"featured_media":634,"template":"","meta":[],"product_cat":[25],"product_tag":[],"class_list":{"0":"post-633","1":"product","2":"type-product","3":"status-publish","4":"has-post-thumbnail","6":"product_cat-termoformado-maquina-de-embalaje","8":"first","9":"instock","10":"shipping-taxable","11":"product-type-simple"},"_links":{"self":[{"href":"https:\/\/www.jornen.es\/index.php?rest_route=\/wp\/v2\/product\/633","targetHints":{"allow":["GET"]}}],"collection":[{"href":"https:\/\/www.jornen.es\/index.php?rest_route=\/wp\/v2\/product"}],"about":[{"href":"https:\/\/www.jornen.es\/index.php?rest_route=\/wp\/v2\/types\/product"}],"wp:featuredmedia":[{"embeddable":true,"href":"https:\/\/www.jornen.es\/index.php?rest_route=\/wp\/v2\/media\/634"}],"wp:attachment":[{"href":"https:\/\/www.jornen.es\/index.php?rest_route=%2Fwp%2Fv2%2Fmedia&parent=633"}],"wp:term":[{"taxonomy":"product_cat","embeddable":true,"href":"https:\/\/www.jornen.es\/index.php?rest_route=%2Fwp%2Fv2%2Fproduct_cat&post=633"},{"taxonomy":"product_tag","embeddable":true,"href":"https:\/\/www.jornen.es\/index.php?rest_route=%2Fwp%2Fv2%2Fproduct_tag&post=633"}],"curies":[{"name":"wp","href":"https:\/\/api.w.org\/{rel}","templated":true}]}}