{"id":686,"date":"2024-07-02T13:58:07","date_gmt":"2024-07-02T05:58:07","guid":{"rendered":"http:\/\/testes.jornen.com\/?post_type=product&#038;p=686"},"modified":"2024-07-02T13:58:07","modified_gmt":"2024-07-02T05:58:07","slug":"maquina-de-estirar-banda","status":"publish","type":"product","link":"https:\/\/www.jornen.es\/?product=maquina-de-estirar-banda","title":{"rendered":"Maquina de estirar banda"},"content":{"rendered":"<p>La Maquina de estirar banda es una m\u00e1quina de embalaje de fin de l\u00ednea. Puede agrupar o cajas de pila (o similarmente objetos de forma) a formar unidades mayores. Estos son entonces bien envueltos en cinta de pl\u00e1stico. En comparaci\u00f3n con la contracci\u00f3n y envoltura overwrapper, esta m\u00e1quina es de ahorro de energ\u00eda, ya que no requiere calentamiento. Se ahorra 50% de los materiales de la cinta, ya que cubre parcialmente el envase. Puede ser conectado a una l\u00ednea de envasado con m\u00e1quinas blister, Encartonadoras y Empacadores de Caso.<\/p>\n","protected":false},"excerpt":{"rendered":"<p>La Maquina de estirar banda es una m\u00e1quina de embalaje de fin de l\u00ednea. Puede agrupar o cajas de pila (o similarmente objetos de forma) a formar unidades mayores. Estos son entonces bien envueltos en cinta de pl\u00e1stico. En comparaci\u00f3n con la contracci\u00f3n y envoltura overwrapper, esta m\u00e1quina es de ahorro de energ\u00eda, ya que no requiere calentamiento. Se ahorra 50% de los materiales de la cinta, ya que cubre parcialmente el envase. Puede ser conectado a una l\u00ednea de envasado con m\u00e1quinas blister, Encartonadoras y Empacadores de Caso.<\/p>\n","protected":false},"featured_media":687,"template":"","meta":[],"product_cat":[23],"product_tag":[],"class_list":{"0":"post-686","1":"product","2":"type-product","3":"status-publish","4":"has-post-thumbnail","6":"product_cat-fin-de-la-linea-de-packaging-machines","8":"first","9":"instock","10":"shipping-taxable","11":"product-type-simple"},"_links":{"self":[{"href":"https:\/\/www.jornen.es\/index.php?rest_route=\/wp\/v2\/product\/686","targetHints":{"allow":["GET"]}}],"collection":[{"href":"https:\/\/www.jornen.es\/index.php?rest_route=\/wp\/v2\/product"}],"about":[{"href":"https:\/\/www.jornen.es\/index.php?rest_route=\/wp\/v2\/types\/product"}],"wp:featuredmedia":[{"embeddable":true,"href":"https:\/\/www.jornen.es\/index.php?rest_route=\/wp\/v2\/media\/687"}],"wp:attachment":[{"href":"https:\/\/www.jornen.es\/index.php?rest_route=%2Fwp%2Fv2%2Fmedia&parent=686"}],"wp:term":[{"taxonomy":"product_cat","embeddable":true,"href":"https:\/\/www.jornen.es\/index.php?rest_route=%2Fwp%2Fv2%2Fproduct_cat&post=686"},{"taxonomy":"product_tag","embeddable":true,"href":"https:\/\/www.jornen.es\/index.php?rest_route=%2Fwp%2Fv2%2Fproduct_tag&post=686"}],"curies":[{"name":"wp","href":"https:\/\/api.w.org\/{rel}","templated":true}]}}