{"id":690,"date":"2024-07-02T14:03:52","date_gmt":"2024-07-02T06:03:52","guid":{"rendered":"http:\/\/testes.jornen.com\/?post_type=product&#038;p=690"},"modified":"2024-07-02T14:03:52","modified_gmt":"2024-07-02T06:03:52","slug":"maquina-de-recubrimiento-de-cinta-sin-poros","status":"publish","type":"product","link":"https:\/\/www.jornen.es\/?product=maquina-de-recubrimiento-de-cinta-sin-poros","title":{"rendered":"Maquina de recubrimiento de cinta sin poros"},"content":{"rendered":"<div>La Maquina de recubrimiento de cinta sin poros integra elegancia, alta eficiencia, seguridad, y es f\u00e1cil de limpiar y adecuado para aplicar el recubrimiento a comprimidos, microcomprimidos, gr\u00e1nulos, microgr\u00e1nulos, con az\u00facar, cinta org\u00e1nica y la cinta soluble en agua. Su proceso de operaci\u00f3n y los par\u00e1metros del proceso tales como presi\u00f3n negativa y la temperatura puede ser controlada autom\u00e1ticamente por PLC y HMI.<\/div>\n<div>Principio b\u00e1sico de funcionamiento:<\/div>\n<div>Los comprimidos hacer una continua, el movimiento complejo, orbital en el tambor cerrado de la m\u00e1quina de recubrimiento de cinta. El revestimiento mezclada se pulveriza sobre los comprimidos con la pistola de pulverizaci\u00f3n a trav\u00e9s de la acci\u00f3n de la bomba perist\u00e1ltica. \u00a0Mientras tanto, bajo la acci\u00f3n del Consejo de Ministros del aire de escape (crea presi\u00f3n negativa) y el Gabinete del aire caliente (suministra aire caliente), un nivel de 100.000 de purificaci\u00f3n de aire caliente limpio, suministrado por el gabinete de aire caliente, los golpes en el tambor a trav\u00e9s de la tuber\u00eda de distribuci\u00f3n de aire y penetra en las tabletas. Luego se agota de otro lado de la tuber\u00eda de distribuci\u00f3n de aire y se descarga. Esto permite que el medio de revestimiento, que se pulveriza sobre la superficie de las tabletas, se seque r\u00e1pidamente y uniformemente, formando as\u00ed una superficie de cinta s\u00f3lida y suave.<\/div>\n<div>Caracter\u00edsticas:<\/div>\n<div>1. Bajo la acci\u00f3n de la placa de gu\u00eda aerodin\u00e1mica, los comprimidos caen frecuentemente y sin problemas, evitando que choquen. Esto evita que las piezas rotas y bordes astillados y mejora la velocidad de los productos terminados. La superficie estrecha de la placa de gu\u00eda elimina la adherencia del material de recubrimiento en su superficie, el material de revestimiento as\u00ed conservar y mejorar la calidad de la medicina.<\/div>\n<div>2. Durante la toma de aire, un proceso de tres filtro que implica la filtraci\u00f3n primaria, filtraci\u00f3n media y alta filtraci\u00f3n, puede llegar a 100.000 purificaci\u00f3n nivel.<\/div>\n<div>Durante aire de escape, el filtro de recogida de polvo puede llegar a 99% mediante la adopci\u00f3n de un extractor de polvo.<\/div>\n<div>\u00a03. Gracias al dise\u00f1o innovador, la h\u00e9lice del ventilador en el sistema de fuente de aire se pueden intercambiar como una entrada de aire o salida de aire en funci\u00f3n de los requisitos tecnol\u00f3gicos. Orificio de la h\u00e9lice puede variar de 0,6 a 3,00 mm de di\u00e1metro, por lo que es adecuado para todos los tipos de recubrimientos microtableta.<\/div>\n","protected":false},"excerpt":{"rendered":"<p>La Maquina de recubrimiento de cinta sin poros integra elegancia, alta eficiencia, seguridad, y es f\u00e1cil de limpiar y adecuado para aplicar el recubrimiento a comprimidos, microcomprimidos, gr\u00e1nulos, microgr\u00e1nulos, con az\u00facar, cinta org\u00e1nica y la cinta soluble en agua. Su proceso de operaci\u00f3n y los par\u00e1metros del proceso tales como presi\u00f3n negativa y la temperatura puede ser controlada autom\u00e1ticamente por PLC y HMI. Principio b\u00e1sico de funcionamiento: Los comprimidos hacer una continua, el movimiento complejo, orbital en el tambor cerrado de la m\u00e1quina de recubrimiento de cinta. El revestimiento mezclada se pulveriza sobre los comprimidos con la pistola de pulverizaci\u00f3n a trav\u00e9s de la acci\u00f3n de la bomba perist\u00e1ltica. \u00a0Mientras tanto, bajo la acci\u00f3n del Consejo de Ministros del aire de escape (crea presi\u00f3n negativa) &hellip; <\/p>\n","protected":false},"featured_media":691,"template":"","meta":[],"product_cat":[26],"product_tag":[],"class_list":{"0":"post-690","1":"product","2":"type-product","3":"status-publish","4":"has-post-thumbnail","6":"product_cat-maquina-de-recubrimiento-de-cinta","8":"first","9":"instock","10":"shipping-taxable","11":"product-type-simple"},"_links":{"self":[{"href":"https:\/\/www.jornen.es\/index.php?rest_route=\/wp\/v2\/product\/690","targetHints":{"allow":["GET"]}}],"collection":[{"href":"https:\/\/www.jornen.es\/index.php?rest_route=\/wp\/v2\/product"}],"about":[{"href":"https:\/\/www.jornen.es\/index.php?rest_route=\/wp\/v2\/types\/product"}],"wp:featuredmedia":[{"embeddable":true,"href":"https:\/\/www.jornen.es\/index.php?rest_route=\/wp\/v2\/media\/691"}],"wp:attachment":[{"href":"https:\/\/www.jornen.es\/index.php?rest_route=%2Fwp%2Fv2%2Fmedia&parent=690"}],"wp:term":[{"taxonomy":"product_cat","embeddable":true,"href":"https:\/\/www.jornen.es\/index.php?rest_route=%2Fwp%2Fv2%2Fproduct_cat&post=690"},{"taxonomy":"product_tag","embeddable":true,"href":"https:\/\/www.jornen.es\/index.php?rest_route=%2Fwp%2Fv2%2Fproduct_tag&post=690"}],"curies":[{"name":"wp","href":"https:\/\/api.w.org\/{rel}","templated":true}]}}