{"id":714,"date":"2024-07-02T14:22:30","date_gmt":"2024-07-02T06:22:30","guid":{"rendered":"http:\/\/testes.jornen.com\/?post_type=product&#038;p=714"},"modified":"2024-07-02T14:22:30","modified_gmt":"2024-07-02T06:22:30","slug":"dsl160-maquina-confeccionadora-de-strip","status":"publish","type":"product","link":"https:\/\/www.jornen.es\/?product=dsl160-maquina-confeccionadora-de-strip","title":{"rendered":"DSL160 Maquina confeccionadora de Strip"},"content":{"rendered":"<div><span style=\"font-family: Verdana; font-size: small;\">La m\u00e1quina del Strip DSL160 embalaje est\u00e1 dise\u00f1ado para empacar c\u00e1psulas, tabletas o productos similares.<\/span><\/div>\n<div><span style=\"font-family: Verdana; font-size: small;\">Caracter\u00edsticas:<\/span><\/div>\n<div><span style=\"font-family: Verdana; font-size: small;\">Alimentaci\u00f3n, sellado, corte y corte se realiza de forma autom\u00e1tica. la reducci\u00f3n de los costos de trabajo y, por tanto, la reducci\u00f3n de los costos de producci\u00f3n.<\/span><\/div>\n<div><span style=\"font-family: Verdana; font-size: small;\">El exterior de la m\u00e1quina est\u00e1 hecha de acero inoxidable de alta calidad, de conformidad con \u00abGMP.\u00bb<\/span><\/div>\n<div><span style=\"font-family: Verdana; font-size: small;\">Construcci\u00f3n compacta y simple para permitir un f\u00e1cil mantenimiento y operaci\u00f3n sencilla.<\/span><\/div>\n<div><span style=\"font-family: Verdana; font-size: small;\">El cambio de formato se puede hacer f\u00e1cilmente en 40 minutos.<\/span><\/div>\n<div><span style=\"font-family: Verdana; font-size: small;\">Principales par\u00e1metros t\u00e9cnicos:<\/span><\/div>\n<div><span style=\"font-family: Verdana; font-size: small;\">Salida (var\u00eda seg\u00fan el tama\u00f1o de empaque): \u2264800 pcs\/min.<\/span><\/div>\n<div><span style=\"font-family: Verdana; font-size: small;\">Max. acelerar: 60 golpes \/min.<\/span><\/div>\n<div><span style=\"font-family: Verdana; font-size: small;\">Max. Ancho de material de embalaje: \u2264160mm<\/span><\/div>\n<div><span style=\"font-family: Verdana; font-size: small;\">m\u00e1quina de alimentaci\u00f3n: 2.2kw\u00a0\u00a0<\/span><\/div>\n<div><span style=\"font-family: Verdana; font-size: small;\">Dimensi\u00f3n de la m\u00e1quina(mm): 1200\u00d7850\u00d71700mm<\/span><\/div>\n<div><span style=\"font-family: Verdana; font-size: small;\">Peso de la m\u00e1quina: 450kg<\/span><\/div>\n","protected":false},"excerpt":{"rendered":"<p>La m\u00e1quina del Strip DSL160 embalaje est\u00e1 dise\u00f1ado para empacar c\u00e1psulas, tabletas o productos similares. Caracter\u00edsticas: Alimentaci\u00f3n, sellado, corte y corte se realiza de forma autom\u00e1tica. la reducci\u00f3n de los costos de trabajo y, por tanto, la reducci\u00f3n de los costos de producci\u00f3n. El exterior de la m\u00e1quina est\u00e1 hecha de acero inoxidable de alta calidad, de conformidad con \u00abGMP.\u00bb Construcci\u00f3n compacta y simple para permitir un f\u00e1cil mantenimiento y operaci\u00f3n sencilla. El cambio de formato se puede hacer f\u00e1cilmente en 40 minutos. Principales par\u00e1metros t\u00e9cnicos: Salida (var\u00eda seg\u00fan el tama\u00f1o de empaque): \u2264800 pcs\/min. Max. acelerar: 60 golpes \/min. Max. Ancho de material de embalaje: \u2264160mm m\u00e1quina de alimentaci\u00f3n: 2.2kw\u00a0\u00a0 Dimensi\u00f3n de la m\u00e1quina(mm): 1200\u00d7850\u00d71700mm Peso de la m\u00e1quina: 450kg<\/p>\n","protected":false},"featured_media":715,"template":"","meta":[],"product_cat":[29],"product_tag":[],"class_list":{"0":"post-714","1":"product","2":"type-product","3":"status-publish","4":"has-post-thumbnail","6":"product_cat-maquina-confeccionadora-de-strip","8":"first","9":"instock","10":"shipping-taxable","11":"product-type-simple"},"_links":{"self":[{"href":"https:\/\/www.jornen.es\/index.php?rest_route=\/wp\/v2\/product\/714","targetHints":{"allow":["GET"]}}],"collection":[{"href":"https:\/\/www.jornen.es\/index.php?rest_route=\/wp\/v2\/product"}],"about":[{"href":"https:\/\/www.jornen.es\/index.php?rest_route=\/wp\/v2\/types\/product"}],"wp:featuredmedia":[{"embeddable":true,"href":"https:\/\/www.jornen.es\/index.php?rest_route=\/wp\/v2\/media\/715"}],"wp:attachment":[{"href":"https:\/\/www.jornen.es\/index.php?rest_route=%2Fwp%2Fv2%2Fmedia&parent=714"}],"wp:term":[{"taxonomy":"product_cat","embeddable":true,"href":"https:\/\/www.jornen.es\/index.php?rest_route=%2Fwp%2Fv2%2Fproduct_cat&post=714"},{"taxonomy":"product_tag","embeddable":true,"href":"https:\/\/www.jornen.es\/index.php?rest_route=%2Fwp%2Fv2%2Fproduct_tag&post=714"}],"curies":[{"name":"wp","href":"https:\/\/api.w.org\/{rel}","templated":true}]}}