{"id":720,"date":"2024-07-02T14:27:00","date_gmt":"2024-07-02T06:27:00","guid":{"rendered":"http:\/\/testes.jornen.com\/?post_type=product&#038;p=720"},"modified":"2024-07-02T14:27:00","modified_gmt":"2024-07-02T06:27:00","slug":"nf60z-maguina-de-llenado-de-tubos","status":"publish","type":"product","link":"https:\/\/www.jornen.es\/?product=nf60z-maguina-de-llenado-de-tubos","title":{"rendered":"NF60Z Maguina de llenado de tubos"},"content":{"rendered":"<div>Esta m\u00e1quina es ampliamente utilizado en productos farmac\u00e9uticos, alimentos qu\u00edmicos del hogar, y cosm\u00e9ticos, etc, industrias.<\/div>\n<div>Completa autom\u00e1ticamente las acciones de llenado, plegado, la codificaci\u00f3n, el recorte y descarga de tubos.<\/div>\n<div>Adecuado para todo tipo de tubos de metal.<\/div>\n<div>Proporciona una alta precisi\u00f3n de llenado (\u00b1 1%) para una amplia gama de productos, independientemente de la viscosidad.<\/div>\n<div>F\u00e1cil de entender y mantener.<\/div>\n<div>Principales par\u00e1metros t\u00e9cnicos:<\/div>\n<div>Max. Velocidad: 60tubo\/min<\/div>\n<div>dosificaci\u00f3n rango: 5- 200ml<\/div>\n<div>longitud del tubo: 50 &#8211; 240mm<\/div>\n<div>di\u00e1metro del tubo: 10 &#8211; 50mm<\/div>\n<div>potencia del motor: 1.1kw<\/div>\n<div>Energ\u00eda para el aire caliente: 3.3kw<\/div>\n<div>Placa: 9 stations<\/div>\n<div>dimensiones(mm): 1900x1100x1800<\/div>\n<div>peso: 850kg<\/div>\n","protected":false},"excerpt":{"rendered":"<p>Esta m\u00e1quina es ampliamente utilizado en productos farmac\u00e9uticos, alimentos qu\u00edmicos del hogar, y cosm\u00e9ticos, etc, industrias. Completa autom\u00e1ticamente las acciones de llenado, plegado, la codificaci\u00f3n, el recorte y descarga de tubos. Adecuado para todo tipo de tubos de metal. Proporciona una alta precisi\u00f3n de llenado (\u00b1 1%) para una amplia gama de productos, independientemente de la viscosidad. F\u00e1cil de entender y mantener. Principales par\u00e1metros t\u00e9cnicos: Max. Velocidad: 60tubo\/min dosificaci\u00f3n rango: 5- 200ml longitud del tubo: 50 &#8211; 240mm di\u00e1metro del tubo: 10 &#8211; 50mm potencia del motor: 1.1kw Energ\u00eda para el aire caliente: 3.3kw Placa: 9 stations dimensiones(mm): 1900x1100x1800 peso: 850kg<\/p>\n","protected":false},"featured_media":719,"template":"","meta":[],"product_cat":[30],"product_tag":[],"class_list":{"0":"post-720","1":"product","2":"type-product","3":"status-publish","4":"has-post-thumbnail","6":"product_cat-maguinas-de-llenado-de-tubos","8":"first","9":"instock","10":"shipping-taxable","11":"product-type-simple"},"_links":{"self":[{"href":"https:\/\/www.jornen.es\/index.php?rest_route=\/wp\/v2\/product\/720","targetHints":{"allow":["GET"]}}],"collection":[{"href":"https:\/\/www.jornen.es\/index.php?rest_route=\/wp\/v2\/product"}],"about":[{"href":"https:\/\/www.jornen.es\/index.php?rest_route=\/wp\/v2\/types\/product"}],"wp:featuredmedia":[{"embeddable":true,"href":"https:\/\/www.jornen.es\/index.php?rest_route=\/wp\/v2\/media\/719"}],"wp:attachment":[{"href":"https:\/\/www.jornen.es\/index.php?rest_route=%2Fwp%2Fv2%2Fmedia&parent=720"}],"wp:term":[{"taxonomy":"product_cat","embeddable":true,"href":"https:\/\/www.jornen.es\/index.php?rest_route=%2Fwp%2Fv2%2Fproduct_cat&post=720"},{"taxonomy":"product_tag","embeddable":true,"href":"https:\/\/www.jornen.es\/index.php?rest_route=%2Fwp%2Fv2%2Fproduct_tag&post=720"}],"curies":[{"name":"wp","href":"https:\/\/api.w.org\/{rel}","templated":true}]}}