{"id":722,"date":"2024-07-02T14:29:19","date_gmt":"2024-07-02T06:29:19","guid":{"rendered":"http:\/\/testes.jornen.com\/?post_type=product&#038;p=722"},"modified":"2024-07-02T14:29:19","modified_gmt":"2024-07-02T06:29:19","slug":"nf80a-maguina-de-llenado-de-tubos","status":"publish","type":"product","link":"https:\/\/www.jornen.es\/?product=nf80a-maguina-de-llenado-de-tubos","title":{"rendered":"NF80A Maguina de llenado de tubos"},"content":{"rendered":"<div>EI video de esta m\u00e1quina:<\/div>\n<div><a href=\"https:\/\/www.youtube.com\/watch?v=_lhNUEgEBNI\">https:\/\/www.youtube.com\/watch?v=_lhNUEgEBNI<\/a><\/div>\n<div>Esta m\u00e1quina es ampliamente utilizado en productos farmac\u00e9uticos, alimentos qu\u00edmicos del hogar, y cosm\u00e9ticos, etc, industrias.<\/div>\n<div>Completa autom\u00e1ticamente las acciones de llenado, sellado, codificaci\u00f3n, recorte y descarga de los tubos.<\/div>\n<div>Adecuado para todo tipo de tuber\u00edas de pl\u00e1stico compuesto.<\/div>\n<div>Proporciona alta precisi\u00f3n de llenado (\u00b1 0,5%) para una amplia gama de productos, independientemente de la viscosidad.<\/div>\n<div>F\u00e1cil de entender y mantener.<\/div>\n<div>\u00a0Principales par\u00e1metros t\u00e9cnicos:<\/div>\n<div>Max. Velocidad: 80 tubo\/min<\/div>\n<div>dosificaci\u00f3n rango: 5- 350ml<\/div>\n<div>longitud del tubo: 50 &#8211; 240mm<\/div>\n<div>di\u00e1metro del tubo: 10 &#8211; 60mm<\/div>\n<div>potencia del motor: 1.5kw<\/div>\n<div>Energ\u00eda para el aire caliente: 3.3kw<\/div>\n<div>Placa: 12 stations<\/div>\n<div>dimensiones(mm): 2350x1100x2300<\/div>\n<div>peso: 1350kg<\/div>\n","protected":false},"excerpt":{"rendered":"<p>EI video de esta m\u00e1quina: https:\/\/www.youtube.com\/watch?v=_lhNUEgEBNI Esta m\u00e1quina es ampliamente utilizado en productos farmac\u00e9uticos, alimentos qu\u00edmicos del hogar, y cosm\u00e9ticos, etc, industrias. Completa autom\u00e1ticamente las acciones de llenado, sellado, codificaci\u00f3n, recorte y descarga de los tubos. Adecuado para todo tipo de tuber\u00edas de pl\u00e1stico compuesto. Proporciona alta precisi\u00f3n de llenado (\u00b1 0,5%) para una amplia gama de productos, independientemente de la viscosidad. F\u00e1cil de entender y mantener. \u00a0Principales par\u00e1metros t\u00e9cnicos: Max. Velocidad: 80 tubo\/min dosificaci\u00f3n rango: 5- 350ml longitud del tubo: 50 &#8211; 240mm di\u00e1metro del tubo: 10 &#8211; 60mm potencia del motor: 1.5kw Energ\u00eda para el aire caliente: 3.3kw Placa: 12 stations dimensiones(mm): 2350x1100x2300 peso: 1350kg<\/p>\n","protected":false},"featured_media":723,"template":"","meta":[],"product_cat":[30],"product_tag":[],"class_list":{"0":"post-722","1":"product","2":"type-product","3":"status-publish","4":"has-post-thumbnail","6":"product_cat-maguinas-de-llenado-de-tubos","8":"first","9":"instock","10":"shipping-taxable","11":"product-type-simple"},"_links":{"self":[{"href":"https:\/\/www.jornen.es\/index.php?rest_route=\/wp\/v2\/product\/722","targetHints":{"allow":["GET"]}}],"collection":[{"href":"https:\/\/www.jornen.es\/index.php?rest_route=\/wp\/v2\/product"}],"about":[{"href":"https:\/\/www.jornen.es\/index.php?rest_route=\/wp\/v2\/types\/product"}],"wp:featuredmedia":[{"embeddable":true,"href":"https:\/\/www.jornen.es\/index.php?rest_route=\/wp\/v2\/media\/723"}],"wp:attachment":[{"href":"https:\/\/www.jornen.es\/index.php?rest_route=%2Fwp%2Fv2%2Fmedia&parent=722"}],"wp:term":[{"taxonomy":"product_cat","embeddable":true,"href":"https:\/\/www.jornen.es\/index.php?rest_route=%2Fwp%2Fv2%2Fproduct_cat&post=722"},{"taxonomy":"product_tag","embeddable":true,"href":"https:\/\/www.jornen.es\/index.php?rest_route=%2Fwp%2Fv2%2Fproduct_tag&post=722"}],"curies":[{"name":"wp","href":"https:\/\/api.w.org\/{rel}","templated":true}]}}