{"id":943,"date":"2024-12-26T13:57:29","date_gmt":"2024-12-26T05:57:29","guid":{"rendered":"https:\/\/www.jornen.es\/?post_type=product&#038;p=943"},"modified":"2024-12-26T13:57:29","modified_gmt":"2024-12-26T05:57:29","slug":"maquina-de-pesaje-y-llenado","status":"publish","type":"product","link":"https:\/\/www.jornen.es\/?product=maquina-de-pesaje-y-llenado","title":{"rendered":"M\u00e1quina de pesaje y llenado"},"content":{"rendered":"<p>M\u00e1quina de llenado y pesaje de alta precisi\u00f3n (100 botellas\/min)<br \/>\nVideos de estas m\u00e1quinas:<br \/>\n<a href=\"https:\/\/youtu.be\/IKJ0qDjokDI\">https:\/\/youtu.be\/IKJ0qDjokDI<\/a><br \/>\n<a href=\"https:\/\/youtu.be\/ZciLbhjSjWs\">https:\/\/youtu.be\/ZciLbhjSjWs<\/a><br \/>\n<a href=\"https:\/\/youtu.be\/MIKmniYNars\">https:\/\/youtu.be\/MIKmniYNars<\/a><br \/>\n<a href=\"https:\/\/youtu.be\/wpq_5a7q_Lo\">https:\/\/youtu.be\/wpq_5a7q_Lo<\/a><\/p>\n<p>\u25cfLa m\u00e1quina es una m\u00e1quina de llenado y pesaje de alta precisi\u00f3n, utilizada principalmente en la industria farmac\u00e9utica, la industria alimentaria (caf\u00e9, nueces, chocolate, dulces, condimentos, etc.), la industria qu\u00edmica y la industria del hardware.<\/p>\n<p>\u25cf La m\u00e1quina adopta tecnolog\u00eda de pesaje de alta precisi\u00f3n. Dos niveles de unidades de suministro de medicamentos garantizan que el material se pueda alimentar de manera uniforme, constante y confiable. La m\u00e1quina tiene un sistema de control antiinterferencias y una funci\u00f3n de seguimiento y calibraci\u00f3n autom\u00e1tica de cero. La precisi\u00f3n de llenado puede alcanzar hasta +0,2 gramos. La m\u00e1quina utiliza tecnolog\u00eda de llenado y pesaje continuo para lograr Alta velocidad de llenado.<\/p>\n<p>\u25cfLa m\u00e1quina es f\u00e1cil de operar. Solo tiene que configurar los valores l\u00edmite superior e inferior de la cantidad de llenado en la pantalla t\u00e1ctil para verificar el peso autom\u00e1ticamente antes de detectar y rechazar autom\u00e1ticamente los productos no aptos. Con la funci\u00f3n de detecci\u00f3n autom\u00e1tica de botellas faltantes o atascadas, la m\u00e1quina cumple con los est\u00e1ndares de GMP y FDA.<\/p>\n<p>1. La precisi\u00f3n alcanza hasta \u00b10,2 g, lo que ahorra material en un 5 %<br \/>\n2. La velocidad alcanza hasta 100 botellas por minuto (volumen de llenado de 60 g)<br \/>\n3. El interruptor de un bot\u00f3n permite un reemplazo r\u00e1pido de la especificaci\u00f3n para un tama\u00f1o diferente<br \/>\n4. La m\u00e1quina tiene la funci\u00f3n de seguimiento y calibraci\u00f3n autom\u00e1ticos de cero<br \/>\n5. Funci\u00f3n de inspecci\u00f3n y rechazo autom\u00e1ticos para garantizar el rendimiento de calificaci\u00f3n del producto<br \/>\n6. No se da\u00f1a el material durante el proceso de llenado<\/p>\n","protected":false},"excerpt":{"rendered":"<p>M\u00e1quina de llenado y pesaje de alta precisi\u00f3n (100 botellas\/min) Videos de estas m\u00e1quinas: https:\/\/youtu.be\/IKJ0qDjokDI https:\/\/youtu.be\/ZciLbhjSjWs https:\/\/youtu.be\/MIKmniYNars https:\/\/youtu.be\/wpq_5a7q_Lo \u25cfLa m\u00e1quina es una m\u00e1quina de llenado y pesaje de alta precisi\u00f3n, utilizada principalmente en la industria farmac\u00e9utica, la industria alimentaria (caf\u00e9, nueces, chocolate, dulces, condimentos, etc.), la industria qu\u00edmica y la industria del hardware. \u25cf La m\u00e1quina adopta tecnolog\u00eda de pesaje de alta precisi\u00f3n. Dos niveles de unidades de suministro de medicamentos garantizan que el material se pueda alimentar de manera uniforme, constante y confiable. La m\u00e1quina tiene un sistema de control antiinterferencias y una funci\u00f3n de seguimiento y calibraci\u00f3n autom\u00e1tica de cero. La precisi\u00f3n de llenado puede alcanzar hasta +0,2 gramos. La m\u00e1quina utiliza tecnolog\u00eda de llenado y pesaje continuo para lograr Alta velocidad de &hellip; <\/p>\n","protected":false},"featured_media":944,"template":"","meta":[],"product_cat":[31],"product_tag":[],"class_list":{"0":"post-943","1":"product","2":"type-product","3":"status-publish","4":"has-post-thumbnail","6":"product_cat-maquinas-envasadoras-de-botellas-de-dosis-solidas","8":"first","9":"instock","10":"shipping-taxable","11":"product-type-simple"},"_links":{"self":[{"href":"https:\/\/www.jornen.es\/index.php?rest_route=\/wp\/v2\/product\/943","targetHints":{"allow":["GET"]}}],"collection":[{"href":"https:\/\/www.jornen.es\/index.php?rest_route=\/wp\/v2\/product"}],"about":[{"href":"https:\/\/www.jornen.es\/index.php?rest_route=\/wp\/v2\/types\/product"}],"wp:featuredmedia":[{"embeddable":true,"href":"https:\/\/www.jornen.es\/index.php?rest_route=\/wp\/v2\/media\/944"}],"wp:attachment":[{"href":"https:\/\/www.jornen.es\/index.php?rest_route=%2Fwp%2Fv2%2Fmedia&parent=943"}],"wp:term":[{"taxonomy":"product_cat","embeddable":true,"href":"https:\/\/www.jornen.es\/index.php?rest_route=%2Fwp%2Fv2%2Fproduct_cat&post=943"},{"taxonomy":"product_tag","embeddable":true,"href":"https:\/\/www.jornen.es\/index.php?rest_route=%2Fwp%2Fv2%2Fproduct_tag&post=943"}],"curies":[{"name":"wp","href":"https:\/\/api.w.org\/{rel}","templated":true}]}}